{"id":1414,"date":"2025-01-01T21:10:25","date_gmt":"2025-01-01T21:10:25","guid":{"rendered":"https:\/\/tarotcaridaddelcobre.com\/?page_id=1414"},"modified":"2025-10-01T18:17:43","modified_gmt":"2025-10-01T18:17:43","slug":"miguel-tarotista-sensitivo","status":"publish","type":"page","link":"https:\/\/tarotcaridaddelcobre.com\/index.php\/miguel-tarotista-sensitivo\/","title":{"rendered":"Miguel Tarotista Sensitivo"},"content":{"rendered":"<div data-colibri-id=\"1414-c1\" class=\"style-1295 style-local-1414-c1 position-relative\">\n  <!---->\n  <div data-colibri-component=\"section\" data-colibri-id=\"1414-c2\" id=\"about\" class=\"h-section h-section-global-spacing d-flex align-items-lg-center align-items-md-center align-items-center style-1300 style-local-1414-c2 position-relative\">\n    <!---->\n    <!---->\n    <div class=\"h-section-grid-container h-section-boxed-container\">\n      <!---->\n      <div data-colibri-id=\"1414-c3\" class=\"h-row-container gutters-row-lg-0 gutters-row-md-0 gutters-row-0 gutters-row-v-lg-0 gutters-row-v-md-0 gutters-row-v-0 style-1301 style-local-1414-c3 position-relative\">\n        <!---->\n        <div class=\"h-row justify-content-lg-center justify-content-md-center justify-content-center align-items-lg-stretch align-items-md-stretch align-items-stretch gutters-col-lg-0 gutters-col-md-0 gutters-col-0 gutters-col-v-lg-0 gutters-col-v-md-0 gutters-col-v-0\">\n          <!---->\n          <div class=\"h-column h-column-container d-flex h-col-lg-auto h-col-md-auto h-col-auto style-1302-outer style-local-1414-c4-outer\">\n            <div data-colibri-id=\"1414-c4\" class=\"d-flex h-flex-basis h-column__inner h-ui-empty-state-container h-px-lg-0 h-px-md-0 h-px-0 v-inner-lg-0 v-inner-md-0 v-inner-0 style-1302 style-local-1414-c4 position-relative\">\n              <!---->\n              <!---->\n              <div class=\"w-100 h-y-container h-column__content h-column__v-align flex-basis-100\">\n                <!---->\n              <\/div>\n            <\/div>\n          <\/div>\n          <div class=\"h-column h-column-container d-flex h-col-lg-auto h-col-md-auto h-col-auto style-1303-outer style-local-1414-c5-outer\">\n            <div data-colibri-id=\"1414-c5\" class=\"d-flex h-flex-basis h-column__inner h-px-lg-2 h-px-md-2 h-px-2 v-inner-lg-2 v-inner-md-2 v-inner-2 style-1303 style-local-1414-c5 position-relative\">\n              <!---->\n              <!---->\n              <div class=\"w-100 h-y-container h-column__content h-column__v-align flex-basis-100 align-self-lg-start align-self-md-start align-self-start\">\n                <!---->\n                <div data-colibri-id=\"1414-c6\" class=\"h-global-transition-all h-heading style-1305 style-local-1414-c6 position-relative h-element\">\n                  <!---->\n                  <div class=\"h-heading__outer style-1305 style-local-1414-c6\">\n                    <!---->\n                    <!---->\n                    <h2 class=\"\">Miguel, el Tarotista que Desvela el Futuro<\/h2>\n                  <\/div>\n                <\/div>\n                <div data-colibri-id=\"1414-c7\" class=\"h-text h-text-component style-1306 style-local-1414-c7 position-relative h-element\">\n                  <!---->\n                  <!---->\n                  <div class=\"\">\n                    <p>En el vasto y enigm\u00e1tico mundo del esoterismo, soy Miguel, el tarotista.<\/p>\n                    <p>Mi vida y mi arte se entrelazan en una danza de intuici\u00f3n y conocimiento ancestral que ha guiado a innumerables buscadores hacia la luz de la comprensi\u00f3n personal.<\/p>\n                    <p>No soy solo un lector de cartas; soy un puente entre lo tangible y lo et\u00e9reo, un int\u00e9rprete de s\u00edmbolos antiguos que revela verdades ocultas a quienes se atreven a explorar las profundidades de su ser.&nbsp;<span style=\"color: rgb(23, 37, 42); font-family: Adamina; font-size: 16px; font-weight: 400;\">Desde muy joven,  sent\u00ed una atracci\u00f3n irresistible por el misterio que envuelve al tarot. <\/span><\/p>\n                  <\/div>\n                <\/div>\n              <\/div>\n            <\/div>\n          <\/div>\n        <\/div>\n      <\/div>\n    <\/div>\n  <\/div>\n  <div data-colibri-component=\"section\" data-colibri-id=\"1414-c8\" id=\"custom\" class=\"h-section h-section-global-spacing d-flex align-items-lg-center align-items-md-center align-items-center style-1307 style-local-1414-c8 position-relative\">\n    <!---->\n    <!---->\n    <div class=\"h-section-grid-container h-section-boxed-container\">\n      <!---->\n      <div data-colibri-id=\"1414-c9\" class=\"h-row-container gutters-row-lg-2 gutters-row-md-2 gutters-row-0 gutters-row-v-lg-2 gutters-row-v-md-2 gutters-row-v-2 style-1308 style-local-1414-c9 position-relative\">\n        <!---->\n        <div class=\"h-row justify-content-lg-center justify-content-md-center justify-content-center align-items-lg-stretch align-items-md-stretch align-items-stretch gutters-col-lg-2 gutters-col-md-2 gutters-col-0 gutters-col-v-lg-2 gutters-col-v-md-2 gutters-col-v-2\">\n          <!---->\n          <div class=\"h-column h-column-container d-flex h-col-lg-auto h-col-md-auto h-col-auto style-1309-outer style-local-1414-c10-outer\">\n            <div data-colibri-id=\"1414-c10\" class=\"d-flex h-flex-basis h-column__inner h-px-lg-2 h-px-md-2 h-px-2 v-inner-lg-2 v-inner-md-2 v-inner-2 style-1309 style-local-1414-c10 position-relative\">\n              <!---->\n              <!---->\n              <div class=\"w-100 h-y-container h-column__content h-column__v-align flex-basis-100 align-self-lg-start align-self-md-start align-self-start\">\n                <!---->\n                <div data-colibri-id=\"1414-c11\" class=\"h-text h-text-component style-1310 style-local-1414-c11 position-relative h-element\">\n                  <!---->\n                  <!---->\n                  <div class=\"\">\n                    <p>Crec\u00ed rodeado de leyendas familiares donde el arte de la adivinaci\u00f3n era practicado como una forma de conexi\u00f3n con lo divino.<\/p>\n                    <p>Las historias sobre ancestros que utilizaban las cartas para obtener gu\u00eda y previsi\u00f3n despertaron en mi una inquietud por descubrir mi propio camino en este campo.<\/p>\n                    <p>As\u00ed, me sumerg\u00ed en el estudio de los arcanos, dedicando horas interminables a comprender no solo el significado de cada carta, sino tambi\u00e9n a desarrollar mi propia intuici\u00f3n y empat\u00eda.<\/p>\n                    <p>El tarot, con sus 78 cartas repletas de simbolismo, es un sistema fascinante que invita a la reflexi\u00f3n y a la autoexploraci\u00f3n. entiendo que, m\u00e1s all\u00e1 de las predicciones, cada lectura es una oportunidad para que la persona examine\n                      su vida, sus deseos y sus temores m\u00e1s profundos.<\/p>\n                    <p>En mi pr\u00e1ctica, cada sesi\u00f3n comienza con una conversaci\u00f3n \u00edntima, donde el consultante comparte sus inquietudes y expectativas. Esta conexi\u00f3n inicial es vital para mi, ya que me permite abrir un canal de comunicaci\u00f3n que trasciende\n                      las palabras, creando un ambiente de confianza y respeto.<\/p>\n                    <p>Las cartas son elegidas en un ritual que parece m\u00e1gico. Extiendo mi mano sobre la baraja, sintiendo la energ\u00eda que emana de cada carta. Luego, las despliego con delicadeza sobre la mesa, creando patrones que revelan historias personales\n                      y universales.<\/p>\n                    <p>Con cada carta puesta en juego, interpreto su significado, pero tambi\u00e9n escucho la voz interior que me susurra conexiones m\u00e1s profundas y matices que van m\u00e1s all\u00e1 de lo visible.<\/p>\n                    <p>Esta capacidad de lectura va m\u00e1s all\u00e1 de la mera t\u00e9cnica; es un don que&nbsp;he cultivado y potenciado a lo largo de los a\u00f1os.<\/p>\n                    <p>En mis sesiones, abordo temas complejos como el amor, la carrera profesional y la espiritualidad. No temo explorar las sombras que habitan en el alma humana, entendiendo que a menudo son estas sombras las que impiden el crecimiento\n                      y la evoluci\u00f3n personal.<\/p>\n                    <p>Mi enfoque es siempre emp\u00e1tico y cuidadoso, evitando alarmar o confundir a aquellos que buscan respuestas.<\/p>\n                    <p>M\u00e1s bien, me presento como un gu\u00eda que ayuda a los consultantes a ver su situaci\u00f3n desde nuevas perspectivas, fomentando as\u00ed la autoconfianza y la capacidad de tomar decisiones informadas.<\/p>\n                    <p>Uno de los aspectos m\u00e1s cautivadores m\u00edos es mi compromiso con el aprendizaje continuo. Asisto a talleres, investigo corrientes de pensamiento esot\u00e9rico y me mantengo al tanto de las \u00faltimas tendencias dentro del \u00e1mbito del tarot y\n                      la espiritualidad.<\/p>\n                    <p>Esta dedicaci\u00f3n me permite enriquecer mi pr\u00e1ctica con nuevas herramientas y enfoques, lo que, a su vez, amplifica la experiencia de quienes acuden a mi.<\/p>\n                    <p>Adem\u00e1s, mis sesiones est\u00e1n impregnadas de un profundo respeto por las tradiciones, combinando la sabidur\u00eda de generaciones pasadas con un enfoque contempor\u00e1neo.<\/p>\n                    <p>Las historias de \u00e9xito y transformaci\u00f3n que surgen de sus lecturas son un testimonio del impacto que tengo en la vida de las personas. Existen numerosos relatos de individuos que, despu\u00e9s de consultar conmigo, han tomado decisiones\n                      cruciales que han cambiado el rumbo de sus vidas.<\/p>\n                    <p>Algunos han encontrado el valor para dejar relaciones t\u00f3xicas, otros han optado por emprender caminos profesionales que siempre hab\u00edan so\u00f1ado, mientras que otros simplemente han logrado una paz interior indispensable para seguir adelante.<\/p>\n                    <p>Cada historia es \u00fanica, pero todas comparten un hilo com\u00fan: el despertar a una nueva realidad.<\/p>\n                    <p>He adoptado la tecnolog\u00eda moderna, ofreciendo lecturas en l\u00ednea que permiten a personas de todo el mundo acceder a su sabidur\u00eda.<\/p>\n                    <p>Este enfoque inclusivo ha ampliado mi alcance y ha permitido que mi mensaje de esperanza y autoconocimiento llegue a m\u00e1s corazones.<\/p>\n                    <p>Mis seguidores aprecian no solo las lecturas, sino tambi\u00e9n su enfoque sincero y aut\u00e9ntico, que invita a la reflexi\u00f3n y a la conexi\u00f3n profunda con uno mismo.<\/p>\n                    <p>En el coraz\u00f3n de mi labor, sostengo firmemente que el tarot no es un medio para predecir un futuro inmutable, sino una herramienta para la toma de decisiones conscientes.<\/p>\n                    <p>Invito a cada consultante a asumir la responsabilidad de su propia vida y a entender que, aunque el destino puede jugar un papel importante, el libre albedr\u00edo es la clave para transformar la realidad.<\/p>\n                    <p>Soy Miguel, el tarotista, personifico la conjunci\u00f3n entre el conocimiento ancestral y la sabidur\u00eda contempor\u00e1nea. Mi labor va m\u00e1s all\u00e1 de simplemente leer cartas; es un acto de amor, compasi\u00f3n y entendimiento hacia el ser humano.<\/p>\n                    <p>Aquellos que tienen la fortuna de cruzar mi camino no solo reciben respuestas, sino tambi\u00e9n herramientas para navegar el vasto oc\u00e9ano de la vida con confianza y claridad..<\/p>\n                  <\/div>\n                <\/div>\n              <\/div>\n            <\/div>\n          <\/div>\n        <\/div>\n      <\/div>\n    <\/div>\n  <\/div>\n<\/div>","protected":false},"excerpt":{"rendered":"<p>Miguel, el Tarotista que Desvela el Futuro En el vasto y enigm\u00e1tico mundo del esoterismo, soy Miguel, el tarotista. Mi vida y mi arte se entrelazan en una danza de intuici\u00f3n y conocimiento ancestral que ha guiado a innumerables buscadores hacia la luz de la comprensi\u00f3n personal. No soy solo un lector de cartas; soy [&hellip;]<\/p>\n","protected":false},"author":1,"featured_media":0,"parent":0,"menu_order":0,"comment_status":"closed","ping_status":"closed","template":"page-templates\/full-width-page.php","meta":{"footnotes":""},"class_list":["post-1414","page","type-page","status-publish","hentry"],"_links":{"self":[{"href":"https:\/\/tarotcaridaddelcobre.com\/index.php\/wp-json\/wp\/v2\/pages\/1414","targetHints":{"allow":["GET"]}}],"collection":[{"href":"https:\/\/tarotcaridaddelcobre.com\/index.php\/wp-json\/wp\/v2\/pages"}],"about":[{"href":"https:\/\/tarotcaridaddelcobre.com\/index.php\/wp-json\/wp\/v2\/types\/page"}],"author":[{"embeddable":true,"href":"https:\/\/tarotcaridaddelcobre.com\/index.php\/wp-json\/wp\/v2\/users\/1"}],"replies":[{"embeddable":true,"href":"https:\/\/tarotcaridaddelcobre.com\/index.php\/wp-json\/wp\/v2\/comments?post=1414"}],"version-history":[{"count":0,"href":"https:\/\/tarotcaridaddelcobre.com\/index.php\/wp-json\/wp\/v2\/pages\/1414\/revisions"}],"wp:attachment":[{"href":"https:\/\/tarotcaridaddelcobre.com\/index.php\/wp-json\/wp\/v2\/media?parent=1414"}],"curies":[{"name":"wp","href":"https:\/\/api.w.org\/{rel}","templated":true}]}}